f**3 - 3*f**2 - 10*f - 127. What is u(7)?
-1
Let o(t) = 3*t**3 - 186*t**2 - 3*t + 160. Calculate o(62).
-26
Let l(d) = -2*d**2 + 62*d - 228. What is l(25)?
72
Let r(y) = -y**2 - 219*y - 8787. Calculate r(-53).
11
Let p(h) = 35*h + 2910. Give p(-83).
5
Let a(s) = s**3 + 9*s**2 - 58*s + 48. Calculate a(-14).
-120
Let j(i) = 7*i**2 - 64*i + 187. What is j(3)?
58
Let s(v) = 32*v**2 - 224*v + 2. What is s(7)?
2
Let v(j) = -2*j**2 - 639*j + 639. What is v(1)?
-2
Let m(j) = -10*j**2 - 7*j + 4. What is m(5)?
-281
Let w(z) = -77*z + 2521. Calculate w(31).
134
Let r(l) = -2*l**2 + 29*l - 6. Determine r(20).
-226
Let r(m) = -m**3 - 20*m**2 + 23*m + 13. Give r(-21).
-29
Let z(o) = 61*o**2 + 233*o - 22. Give z(-4).
22
Let g(c) = 5*c**2 + 16*c - 35. Calculate g(2).
17
Let k(z) = -4*z**3 + z**2 - 14*z - 21. Calculate k(-2).
43
Let f(l) = -69*l - 2158. Calculate f(-30).
-88
Let i(d) = -98*d + 3665. Give i(37).
39
Let q(t) = -t**2 - 472*t - 55681. Determine q(-240).
-1
Let u(g) = g**3 + 8*g**2 + 75*g + 682. What is u(-9)?
-74
Let a(l) = 111*l**2 + 320*l - 37. What is a(-3)?
2
Let p(g) = -g**3 - 2*g**2 + 4*g - 17. Give p(3).
-50
Let b(z) = z**3 + 3*z**2 - 9*z + 104. Give b(0).
104
Let c(d) = 1759*d + 17606. Calculate c(-10).
16
Let k(o) = -o**2 - 23*o - 311. Determine k(-35).
-731
Let j(t) = -t**3 - 6*t**2 + 218*t - 63. Determine j(-18).
-99
Let j(i) = -i**3 - 9*i**2 - 15*i. Give j(-10).
250
Let v(g) = -134*g + 211. Give v(4).
-325
Let g(o) = 2*o**2 - 90*o - 846. Give g(53).
2
Let u(x) = -3*x**2 - 74*x + 56. Calculate u(-25).
31
Let a(w) = 2*w**2 + 52*w + 245. What is a(-17)?
-61
Let d(v) = 2*v**3 + 13*v**2 + 5*v - 7. Determine d(-5).
43
Let k(w) = 57*w - 3639. Give k(64).
9
Let r(l) = l**3 - 185*l**2 + 410*l - 8050. Calculate r(183).
2
Let x(i) = i**2 + 1145*i - 58509. What is x(49)?
-3
Let y(j) = j**2 - 45*j + 541. Give y(25).
41
Let w(z) = -z**3 - 14*z**2 + 53*z + 318. Calculate w(-16).
-18
Let s(g) = -5*g**2 + 43*g - 25. Calculate s(8).
-1
Let h(t) = t**3 + 8*t**2 + 18*t - 8. Determine h(-8).
-152
Let w(k) = -3*k**2 - 1601*k - 11063. Determine w(-7).
-3
Let r(d) = 2*d**3 - 12*d**2 - 52*d + 323. What is r(7)?
57
Let v(f) = -f**3 - 20*f**2 + 41*f + 408. Calculate v(-21).
-12
Let s(g) = -g**3 + 11*g**2 + g + 48. Calculate s(9).
219
Let y(q) = 3*q**3 + 9*q**2 - 40*q + 21. Determine y(5).
421
Let w(h) = h**3 - 23*h**2 - 3*h - 33. Calculate w(23).
-102
Let b(w) = -13*w**3 - 2*w**2 - 7*w + 1. What is b(-2)?
111
Let f(p) = 2*p**3 + 19*p**2 + 21*p + 123. Give f(-9).
15
Let u(g) = -2*g**3 - 58*g**2 - 59*g - 1716. Determine u(-29).
-5
Let a(s) = -82*s - 814. Determine a(-10).
6
Let m(y) = -56*y + 359. What is m(6)?
23
Let p(g) = -g**2 + 33*g + 103. Calculate p(-7).
-177
Let b(j) = -j**3 - 146*j**2 + 747*j + 34. Give b(5).
-6
Let x(o) = -o**3 - 126*o**2 - 1578*o - 1120. Give x(-112).
0
Let h(o) = -2*o**2 + 183*o - 683. What is h(4)?
17
Let q(l) = 17*l**2 - 234*l - 32. Calculate q(14).
24
Let d(y) = 13*y - 129. Give d(10).
1
Let x(h) = 2*h**2 + 89*h + 596. Calculate x(-36).
-16
Let f(p) = 309*p**2 + 13898*p - 317. Determine f(-45).
-2
Let u(y) = -184*y**2 + 10*y + 22. Determine u(-2).
-734
Let h(d) = -80*d - 215. What is h(0)?
-215
Let f(m) = -2*m**3 + 20*m**2 - 14*m + 141. Determine f(10).
1
Let m(o) = 2*o**3 - 41*o**2 + 109*o + 164. Give m(17).
-6
Let f(q) = -2*q**3 + 16*q**2 + 76*q - 14. What is f(-4)?
66
Let w(g) = -54*g - 1637. Determine w(-31).
37
Let k(o) = 979*o + 4908. Give k(-5).
13
Let b(o) = 32*o**2 + 5*o - 33. Give b(3).
270
Let t(r) = r**3 - 42*r**2 - 187*r + 40. Calculate t(46).
-98
Let b(x) = 3*x + 16. Give b(-6).
-2
Let b(x) = 68*x - 121. What is b(4)?
151
Let r(p) = p**2 - 8067*p + 48359. Calculate r(6).
-7
Let r(a) = 200*a + 6320. Calculate r(-32).
-80
Let s(w) = -200*w + 21. Determine s(0).
21
Let d(f) = 3002*f + 14906. Determine d(-5).
-104
Let v(q) = q**3 + 8*q**2 - 564*q - 62. What is v(-28)?
50
Let u(h) = h**3 - 10*h**2 - 19*h + 13. Calculate u(13).
273
Let f(o) = -o**3 - 14*o**2 - 24*o + 81. What is f(-11)?
-18
Let g(x) = 10*x**2 + 90*x - 107. Calculate g(-10).
-7
Let h(w) = -166*w**2 - 19*w - 26. Calculate h(-2).
-652
Let g(q) = -q**3 - 34*q**2 - 127*q + 85. Calculate g(-5).
-5
Let a(q) = q**3 - 17*q**2 + 53*q - 28. Calculate a(13).
-15
Let j(w) = -51*w - 1457. Determine j(-29).
22
Let z(g) = -g**3 + 9*g**2 + g - 21. Determine z(9).
-12
Let z(x) = x**3 + 12*x**2 + 33*x + 6. Calculate z(-5).
16
Let l(x) = -5*x**2 + 114*x + 913. What is l(29)?
14
Let x(y) = -3*y**2 - 71*y + 266. What is x(-27)?
-4
Let l(b) = -2*b**2 + 48*b + 169. What is l(23)?
215
Let t(d) = -168*d**2 - 86*d - 173. Give t(-2).
-673
Let y(h) = -h**3 + 6*h**2 - 2*h - 3. What is y(5)?
12
Let y(u) = 13*u + 946. Calculate y(-74).
-16
Let y(n) = -183*n - 51. Determine y(-1).
132
Let c(q) = q**3 + q**2 + 2*q + 11. Calculate c(-2).
3
Let l(o) = 3*o**3 + 3*o**2 + 5*o + 4. Give l(-1).
-1
Let l(s) = -s**3 - 37*s**2 + 230*s - 112. Give l(5).
-12
Let y(l) = 832*l + 11644. What is y(-14)?
-4
Let b(h) = -134*h - 4554. What is b(-34)?
2
Let l(i) = -1470*i + 32336. Give l(22).
-4
Let v(t) = -t**3 + 45*t**2 + 27*t - 1224. What is v(45)?
-9
Let d(x) = -51*x - 110. What is d(-3)?
43
Let s(x) = -17*x**3 - 23*x**2 + 23*x + 24. Give s(-1).
-5
Let j(u) = 18*u - 339. Determine j(18).
-15
Let s(h) = -87*h + 21. What is s(6)?
-501
Let b(t) = -t**3 + 69*t**2 - 46*t - 1412. Determine b(68).
84
Let i(u) = -3*u**2 + 2*u + 54. Determine i(-11).
-331
Let a(l) = 30*l - 735. Calculate a(24).
-15
Let d(l) = 2*l**2 + 56*l + 96. Calculate d(-26).
-8
Let c(g) = -g**3 - 3*g**2 + 5*g - 90. What is c(0)?
-90
Let o(b) = 3*b**3 - 104*b**2 + 21*b + 1612. Give o(34).
14
Let o(b) = -16*b**3 - 59*b**2 - 171*b - 4. Calculate o(-3).
410
Let o(t) = 119*t - 18446. Calculate o(155).
-1
Let a(m) = 662*m - 6622. What is a(10)?
-2
Let x(r) = -8*r**3 + 425*r**2 - 58*r - 71. Calculate x(53).
-336
Let k(v) = v + 9. What is k(-18)?
-9
Let o(w) = -12*w**2 + 6*w + 4. Determine o(1).
-2
Let c(o) = -102*o**3 + 4*o**2 - 10*o - 14. Calculate c(-1).
102
Let b(j) = -216*j + 3837. Give b(18).
-51
Let b(h) = -2*h**2 - 139*h - 1243. Determine b(-10).
-53
Let p(o) = -24*o + 325. Give p(16).
-59
Let y(x) = x**3 - 28*x**2 + 149*x - 36. What is y(21)?
6
Let z(y) = -y**3 + 21*y**2 - 15*y + 30. Determine z(21).
-285
Let p(b) = -b**2 - 370*b - 34104. Give p(-196).
0
Let c(i) = 15*i**3 + 95*i**2 + 12*i + 4. What is c(-6)?
112
Let b(f) = -f**3 + 28*f**2 - 222*f + 3695. Calculate b(25).
20
Let i(q) = 5*q**3 - 23*q**2 + 25*q - 159. Determine i(5).
16
Let o(d) = -5*d**2 + 11*d + 218. Give o(-9).
-286
Let z(a) = -a**3 - 47*a**2 - 52*a - 290. Determine z(-46).
-14
Let z(o) = -11*o**2 - 143*o - 133. What is z(-12)?
-1
Let t(m) = 21*m + 54. Calculate t(-13).
-219
Let g(o) = 2*o**2 + 68*o - 2939. Determine g(-59).
11
Let t(o) = -o**2 + 635*o + 7116. Determine t(-11).
10
Let u(t) = -13*t - 76. Calculate u(0).
-76
Let a(m) = m**2 - 33*m + 33. Calculate a(-7).
313
Let a(x) = -2*x**2 + 50*x + 79. What is a(26)?
27
Let l(j) = j**3 + 119*j**2 + 160*j + 4957. Give l(-118).
1
Let h(s) = -s**3 + 51*s**2 + 55*s - 138. Calculate h(52).
18
Let t(g) = 16*g + 259. Determine t(-13).
51
Let p(z) = 840*z - 33605. Determine p(40).
-5
Let y(p) = -p**2 + 18*p + 113. Calculate y(-8).
-95
Let i(c) = -21*c + 97. Calculate i(10).
-113
Let f(a) = 33*a - 905. Determine f(27).
-14
Let a(t) = -t**3 - 11*t**2 - 24*t - 136. Give a(-10).
4
Let a(y) = 2456*y + 9739. Determine a(-4).
-85
Let t(o) = 4*o + 37. Determine t(-5).
17
Let h(w) = -18*w**2 + 7*w + 1. Determine h(3).
-140
Let u(l) = 67*l - 168. Determine u(1).
-101
Let o(u) = 9*u**2 - 7*u - 2. Determine o(-2).
48
Let m(h) = -2115*h + 4233. Determine m(2).
3
Let p(n) = 12*n - 101. Give p(7).
-17
Let w(j) = 32*j - 33. Determine w(-15).
-513
Let s(p) = -p**2 - 339*p - 6390. What is s(-20)?
-10
Let t(r) = -r**3 - 101*r + 331. Calculate t(3).
1
Let t(n) = 10*n**3 + 7*n**2 + 17*n - 16. Calculate t(-3).
-274
Let m(o) = -3*o**2 + 122*o - 753. Determine m(8).
31
Let a(i) = 2*i**3 - 68*i**2 - 221*i - 62. Give a(37).
-25
Let x(c) = -5*c**2 - 61*c - 149. Give x(-4).
15
Let d(s) = s**3 + 70*s**2 + 5023. Calculate d(-71).
-18
Let j(c) = 175*c**2 + 16975*c + 9. Calculate j(-97).
9
Let x(k) = -305*k - 4881. Determine x(-16).
-1
Let a(n) = 2*n**2 - 135